2
Calculate the highest common factor of 14353 and 341.
31
What is the greatest common divisor of 592 and 915787?
37
Calculate the highest common divisor of 1 and 10715.
1
Calculate the highest common divisor of 9504404 and 13.
13
What is the highest common divisor of 3806 and 44?
22
What is the highest common divisor of 378 and 2808?
54
What is the highest common factor of 1296 and 1712?
16
Calculate the highest common divisor of 30170 and 350.
70
Calculate the greatest common factor of 37440 and 12825.
45
Calculate the highest common factor of 138 and 1422159.
69
Calculate the greatest common divisor of 60 and 6492.
12
What is the greatest common divisor of 258528 and 96?
96
Calculate the highest common divisor of 32 and 8992.
32
What is the highest common factor of 11904 and 11136?
384
Calculate the greatest common factor of 26 and 457249.
13
Calculate the greatest common divisor of 156 and 106548.
156
Calculate the greatest common divisor of 21022 and 368.
46
What is the highest common divisor of 224 and 139594?
14
Calculate the highest common divisor of 9 and 127.
1
What is the greatest common factor of 3597 and 34008?
327
What is the highest common divisor of 38744 and 1160?
232
What is the greatest common factor of 5334 and 90?
6
What is the greatest common factor of 101120 and 440?
40
Calculate the greatest common factor of 79369 and 139.
139
Calculate the greatest common divisor of 658239 and 8764.
313
What is the highest common divisor of 75 and 249025?
25
What is the highest common factor of 26 and 12038?
26
Calculate the greatest common divisor of 5808 and 624.
48
What is the greatest common divisor of 364380 and 20?
20
Calculate the highest common divisor of 84 and 1095564.
12
What is the highest common divisor of 8 and 17568728?
8
Calculate the highest common factor of 96720 and 1456.
208
Calculate the highest common divisor of 56 and 156856.
56
What is the highest common factor of 18 and 2324817?
9
Calculate the greatest common divisor of 637 and 1127.
49
What is the highest common divisor of 693 and 328119?
33
Calculate the highest common divisor of 2556 and 41436.
36
What is the greatest common divisor of 264 and 65032?
88
What is the greatest common divisor of 692868 and 1276?
1276
What is the highest common divisor of 18 and 4434?
6
What is the greatest common divisor of 6486 and 8556?
138
Calculate the greatest common divisor of 618 and 104751.
309
Calculate the greatest common factor of 411 and 2006776.
137
Calculate the highest common factor of 59628 and 24.
12
What is the highest common divisor of 26412 and 2004?
12
What is the greatest common factor of 145 and 20561?
29
Calculate the highest common divisor of 66388 and 196.
28
Calculate the highest common divisor of 198 and 31230.
18
Calculate the greatest common divisor of 540 and 61740.
180
Calculate the highest common divisor of 10773 and 213.
3
What is the greatest common factor of 1641 and 15863?
547
What is the highest common divisor of 1160073 and 27?
9
Calculate the highest common divisor of 288 and 632.
8
What is the greatest common factor of 89505 and 162?
81
What is the greatest common factor of 86292 and 561?
51
What is the highest common factor of 95727 and 34?
17
What is the highest common factor of 29497 and 624?
13
What is the highest common factor of 2952 and 14648?
8
Calculate the highest common divisor of 6174 and 1862.
98
Calculate the highest common factor of 39 and 524277.
39
Calculate the greatest common divisor of 76 and 20767.
19
What is the greatest common divisor of 126 and 2201892?
42
What is the greatest common factor of 2009 and 27842731?
2009
Calculate the greatest common divisor of 16578 and 108.
54
What is the highest common divisor of 275704 and 482?
482
Calculate the greatest common factor of 69004 and 26.
26
Calculate the greatest common factor of 62 and 26.
2
What is the highest common factor of 4346 and 1886?
82
What is the greatest common factor of 45 and 1882770?
15
What is the greatest common factor of 3 and 230736?
3
Calculate the greatest common divisor of 3 and 70562.
1
What is the greatest common factor of 66 and 5550?
6
Calculate the highest common divisor of 296736 and 288.
96
Calculate the greatest common divisor of 4 and 15172.
4
What is the greatest common factor of 342543 and 21126?
1509
Calculate the highest common factor of 10656 and 60273.
333
Calculate the greatest common divisor of 219060 and 132.
12
Calculate the highest common divisor of 6071879 and 22.
11
What is the highest common divisor of 397864 and 14?
2
Calculate the greatest common factor of 660914 and 267.
89
Calculate the greatest common factor of 41260 and 20.
20
Calculate the highest common factor of 160 and 4440.
40
Calculate the highest common divisor of 3157 and 151823.
287
What is the highest common divisor of 594 and 974430?
54
Calculate the highest common divisor of 165 and 5651283.
33
Calculate the highest common factor of 19 and 1581427.
19
What is the greatest common factor of 1737 and 153?
9
Calculate the greatest common factor of 8965 and 5216.
163
What is the highest common divisor of 1585703 and 7?
7
What is the highest common factor of 7587 and 1809?
27
What is the highest common divisor of 15390 and 219735?
855
Calculate the greatest common factor of 1521 and 153.
9
Calculate the highest common divisor of 390 and 33566.
26
Calculate the highest common divisor of 2520 and 30744.
504
What is the highest common divisor of 8362 and 7232?
226
What is the greatest common factor of 167092 and 592?
148
Calculate the greatest common factor of 400 and 3585200.
400
What is the highest common divisor of 820 and 8856?
164
Calculate the highest common divisor of 24066 and 15519.
21
What is the highest common factor of 21008 and 1872?
208
What is the greatest common divisor of 3949 and 440?
11
Calculate the highest common divisor of 526 and 9810426.
526
What is the greatest common divisor of 1255 and 42419?
251
Calculate the highest common factor of 22520 and 3760.
40
Calculate the greatest common divisor of 6578 and 169510.
506
Calculate the highest common factor of 880 and 1415.
5
What is the highest common factor of 136955 and 65?
65
Calculate the greatest common divisor of 1701 and 95445.
189
Calculate the highest common factor of 271264 and 1078.
98
What is the highest common factor of 8062 and 110366?
278
Calculate the greatest common factor of 51730 and 70.
70
What is the greatest common factor of 5 and 36665?
5
Calculate the greatest common divisor of 215473 and 129.
43
Calculate the greatest common factor of 598 and 8188.
46
Calculate the greatest common divisor of 198 and 171.
9
Calculate the highest common divisor of 75 and 305845.
5
What is the greatest common divisor of 18005 and 416?
13
Calculate the highest common factor of 1163136 and 2097.
699
What is the greatest common factor of 329000 and 560?
280
Calculate the greatest common factor of 37061552 and 76.
76
What is the greatest common divisor of 72 and 31140?
36
Calculate the greatest common divisor of 17098 and 830.
166
What is the greatest common factor of 48672 and 221?
13
What is the highest common divisor of 72 and 1476?
36
Calculate the highest common factor of 801 and 40203.
9
Calculate the highest common divisor of 23914 and 946.
22
What is the highest common divisor of 1461376 and 1792?
896
What is the greatest common factor of 2105 and 310?
5
Calculate the greatest common factor of 2592 and 419256.
648
What is the greatest common divisor of 7400858 and 58?
58
Calculate the greatest common divisor of 11700 and 757380.
780
What is the highest common divisor of 31836 and 168?
84
Calculate the highest common factor of 3544 and 2824.
8
What is the greatest common factor of 282640 and 160?
80
Calculate the highest common factor of 250121 and 187.
17
What is the greatest common divisor of 833 and 59857?
119
Calculate the greatest common divisor of 18 and 470556.
18
Calculate the highest common divisor of 16093 and 15367.
121
Calculate the greatest common factor of 115305 and 15.
15
What is the highest common factor of 1768 and 2392?
104
Calculate the greatest common divisor of 2236 and 15824.
172
Calculate the highest common factor of 3285 and 36.
9
What is the highest commo